21001102
In base 13, what is -16708 + -15c37?
-2c642
In base 9, what is -1 + 330202766?
330202765
In base 5, what is 12111011 + -22124?
12033332
In base 13, what is 18 + 6ca94?
6caac
In base 15, what is -16 + 18a86?
18a70
In base 13, what is 614 - -40108?
4071c
In base 7, what is -20450204 - -10?
-20450164
In base 13, what is 2 - 206160b?
-2061609
In base 8, what is -3460 + -16020?
-21500
In base 12, what is -975b + 38?
-9723
In base 14, what is d + 1babb?
1baca
In base 6, what is 5522 + -222422?
-212500
In base 2, what is 100111110011010000 - -10100011010?
101000000111101010
In base 2, what is 1010100110101 - 1110101101?
1000110001000
In base 13, what is -4506 + -154?
-465a
In base 13, what is 2321 + 1862c?
1a950
In base 13, what is 2819b80 - -b?
2819b8b
In base 15, what is 6c + 54e9?
5566
In base 7, what is 45101606 + -125?
45101451
In base 16, what is -4 + -2f0979e?
-2f097a2
In base 8, what is 41022406 + -3?
41022403
In base 11, what is -571 - 49360?
-49921
In base 10, what is -6513949 + -2?
-6513951
In base 14, what is -551b + -1111?
-662c
In base 2, what is -101011011101100001001011000 + 100?
-101011011101100001001010100
In base 8, what is 0 - -2130530361?
2130530361
In base 9, what is -86577043 + 1?
-86577042
In base 14, what is -6 + 22b42?
22b3a
In base 12, what is 2725b + -934?
26527
In base 6, what is -3 + 341412011?
341412004
In base 12, what is -7718a + -187?
-77355
In base 4, what is -3 + -20303300112013?
-20303300112022
In base 16, what is -f0 + -8e16?
-8f06
In base 16, what is -2c22a7 + 3b?
-2c226c
In base 7, what is 36 + 22626?
22665
In base 3, what is 100220110201 + -210021?
100212200110
In base 9, what is -213322 - -21?
-213301
In base 14, what is 2a248 - 4d4?
29b54
In base 5, what is 1340 - 234022124?
-234020234
In base 15, what is 52c81 + 1b?
52c9c
In base 7, what is 4335 - -12552034?
12556402
In base 8, what is 10007257 - -11?
10007270
In base 2, what is -10 + 10000000000011001001111111?
10000000000011001001111101
In base 11, what is -2 + -1161564?
-1161566
In base 16, what is 2 - -10ac43cc?
10ac43ce
In base 3, what is -1010 + 122110000212?
122102222202
In base 6, what is 24100042 + 10?
24100052
In base 9, what is 1016 - 52328?
-51312
In base 3, what is 100102 + 2111012?
2211121
In base 3, what is 122112221012 + -1022112?
122111121200
In base 2, what is 110111101001010000101 - -1000111?
110111101001011001100
In base 6, what is 1 + -20051133?
-20051132
In base 16, what is b07 + 84c?
1353
In base 4, what is 31 - 112133332310?
-112133332213
In base 9, what is -162247 + -10128?
-172376
In base 5, what is -21024301334 - 43?
-21024301432
In base 11, what is 3 + -1288424?
-1288421
In base 6, what is 130213241 - 11?
130213230
In base 6, what is -1123 - -223012?
221445
In base 15, what is -1a9b - -5a?
-1a41
In base 8, what is -57544 + 50?
-57474
In base 4, what is 101 + -130300030?
-130233323
In base 13, what is b030 - -347?
b377
In base 7, what is -122 - 12265?
-12420
In base 9, what is -28 + -46865463?
-46865502
In base 9, what is 3 + 4081046?
4081050
In base 14, what is 10 - 49a43?
-49a33
In base 4, what is -12031 + 31021021?
31002330
In base 4, what is -110132303323301 + -11?
-110132303323312
In base 6, what is 21405153143 - -5?
21405153152
In base 3, what is -2021122120020 + 20021?
-2021122022222
In base 9, what is 882 + -26481?
-25488
In base 15, what is -78de9 - -1d?
-78dcb
In base 6, what is 21431103 - -3?
21431110
In base 4, what is 10 + 13300022200?
13300022210
In base 2, what is -1110011 - 1100001100101001?
-1100001110011100
In base 8, what is 3651635 + 66?
3651723
In base 7, what is 5 - 334314634?
-334314626
In base 7, what is 334256 + -2?
334254
In base 16, what is -4551 - -6da?
-3e77
In base 11, what is -13829 - -1353?
-12486
In base 2, what is 10010111111111111101 + -100100?
10010111111111011001
In base 12, what is 1 + -18183b84?
-18183b83
In base 6, what is -1152 + -22523350?
-22524542
In base 13, what is -19c493 - 23?
-19c4b6
In base 2, what is -1100100100000011100001001 + 101?
-1100100100000011100000100
In base 5, what is -1301212200 + 11?
-1301212134
In base 14, what is -10aa7 - -1700?
-d3a7
In base 15, what is 18033 + -b54?
173ce
In base 12, what is -1 + -6953a9a9?
-6953a9aa
In base 10, what is 34866 + 94?
34960
In base 3, what is 2021111 - -2212?
2101100
In base 7, what is 26 + 2435313?
2435342
In base 2, what is -1100 - -10100011101110100011?
10100011101110010111
In base 6, what is 34542 + 33322?
112304
In base 3, what is 2 + -22112201001020100?
-22112201001020021
In base 13, what is a561 + 157?
a6b8
In base 15, what is -21 - 88a8d?
-88aae
In base 11, what is -45708 - -6a1?
-45017
In base 9, what is 431 - 521217?
-520676
In base 12, what is -6 - b35ba4?
-b35baa
In base 2, what is 1101100001 + -1101100000100?
-1011110100011
In base 5, what is -4 - 3001214?
-3001223
In base 15, what is 0 + -1b97ae?
-1b97ae
In base 5, what is -1110240 - 233032?
-1343322
In base 8, what is 304 + 3244746?
3245252
In base 11, what is -a126 + 7529?
-26a8
In base 11, what is -2190a1 + 1a87?
-217115
In base 5, what is 13 + -14131112?
-14131044
In base 9, what is 3 + 206803050?
206803053
In base 11, what is -756 + -25731?
-26387
In base 4, what is -1 - 1021331102021?
-1021331102022
In base 10, what is -36593030 + -16?
-36593046
In base 13, what is -58404313 - 3?
-58404316
In base 6, what is 30 - -143023254?
143023324
In base 11, what is 8269 + 6a6a?
14228
In base 5, what is -1230241000 - 4?
-1230241004
In base 6, what is 10121453 + 15?
10121512
In base 4, what is 3131111230320 - -3?
3131111230323
In base 11, what is -3162379 - 13?
-3162391
In base 14, what is -60c + c601?
bdd3
In base 11, what is 1 - 26013a?
-260139
In base 12, what is 15272 + -1a32?
13440
In base 11, what is -31543940 - 3?
-31543943
In base 14, what is -c - -2db82?
2db74
In base 3, what is 10022 + 11010102022022?
11010102102121
In base 8, what is 1620 + 207760?
211600
In base 13, what is 23b - 46815?
-465a7
In base 5, what is -10 + 11022102234?
11022102224
In base 5, what is 41220314100 - -3?
41220314103
In base 14, what is 23d52d4 - 1?
23d52d3
In base 2, what is 1 - 1000101110101111101101111?
-1000101110101111101101110
In base 14, what is 76c0 - 1cc9?
57d5
In base 6, what is 4501423 + 121?
4501544
In base 6, what is -11554141544 - -10?
-11554141534
In base 6, what is 1 + -331414253?
-331414252
In base 5, what is -1220001 + 14340?
-1200111
In base 13, what is 1 - 149cc3a4?
-149cc3a3
In base 12, what is 83 - -179731?
1797b4
In base 5, what is 113 - -10410400330?
10410400443
In base 11, what is -36311 + 143?
-36179
In base 13, what is 15b407a1 - -3?
15b407a4
In base 4, what is -10012 + 2000213010?
2000202332
In base 15, what is 251d7b + 55?
251dd1
In base 11, what is -82 - -8a685?
8a603
In base 14, what is 1851b2 - 2b1?
184d01
In base 13, what is -724699 - -89?
-724610
In base 9, what is 12874262 + 65?
12874337
In base 3, what is -20 - 2022001201202200?
-2022001201202220
In base 10, what is -224398 + -341?
-224739
In base 14, what is -9 + -17cc136?
-17cc141
In base 5, what is 3331440202 - -1?
3331440203
In base 5, what is -423201 - 4031?
-432232
In base 13, what is -16c + 10b918?
10b779
In base 2, what is -1100011110 - 11000010111110101?
-11000100100010011
In base 13, what is 4 - 1a674724?
-1a674720
In base 5, what is -20303 - 1000222?
-1021030
In base 15, what is 742 + 5a911?
5b153
In base 16, what is 5c + 63a1c0?
63a21c
In base 14, what is -1dcd43 - -5?
-1dcd3c
In base 7, what is -266 + -31210?
-31506
In base 4, what is 321103 + -213212?
101231
In base 6, what is 3 - 1221550301?
-1221550254
In base 12, what is -aa7a5 + 590?
-aa215
In base 11, what is -81415 - 25?
-8143a
In base 7, what is 1 - 1422422061?
-1422422060
In base 16, what is -1 - -2cdb088?
2cdb087
In base 6, what is 23 + -14554555?
-14554532
In base 16, what is -e51 + -15f?
-fb0
In base 8, what is 14 + -67205001?
-67204765
In base 16, what is 3 + -126fd3a?
-126fd37
In base 6, what is -1450412333 + 3?
-1450412330
In base 15, what is 37b - -1068?
13e4
In base 8, what is 3517 + -446055?
-442336
In base 2, what is -1001111010100001 - 10110111?
-1001111101011000
In base 2, what is -110010011000011111 + 100000111011?
-110001110111100100
In base 2, what is -1 + -11111100010011010001110000?
-11111100010011010001